6)/(-60)*w. What is the greatest common factor of x and 14?
2
Let i be (143 + -3536)*(4/9)/(-2). Calculate the highest common factor of i and 598.
26
Suppose -5*g + 1940 = -640. Let m = g + -332. Calculate the greatest common divisor of 8 and m.
8
Suppose -3*u - 2*q + 3400 = 0, 2*q - 1132 = 14*u - 15*u. What is the highest common factor of u and 28?
14
Let s(a) = -10*a + 10. Let w be s(13). Let c be (-4)/40 + (-3)/(w/5404). Let v be 228/15 + 2/(-10). What is the greatest common divisor of v and c?
15
Suppose -3*j + 294 = 3*j. Suppose 0*u - 8*u + 488 = 0. Suppose m = -j + u. Calculate the greatest common divisor of 54 and m.
6
Suppose -5*d + 15 = -2*d. Suppose -d*c + 66 = -49. Let b = -5 + c. What is the highest common divisor of 9 and b?
9
Let f(m) = -55*m - 706. Let g be f(-13). What is the highest common factor of 783 and g?
9
Suppose 143 + 253 = -5*s + 27*s. Calculate the highest common divisor of 10 and s.
2
Let w be 1950 + (-6 - -3 - -11). Calculate the greatest common divisor of 77 and w.
11
Suppose 0 = -2*t + 2 + 8. Let c = 438 + -227. Suppose 3*s - 406 = -c. What is the greatest common divisor of t and s?
5
Let z be ((-20)/25)/((-12)/855). What is the greatest common divisor of z and 171?
57
Let m = -11 - -23. Suppose 0*f - 2*f + m = 0. Let y = 214 + -205. Calculate the highest common divisor of y and f.
3
Let q be (-43)/7 - (-88)/77. Let g be q/(280/(-16)) + 817/7. What is the highest common factor of 36 and g?
9
Let s be (-21)/(-2)*12/9 - 5. Let a be (-6)/s*13/(78/(-72)). Calculate the greatest common factor of 22 and a.
2
Let l = -1088 - -1143. Calculate the greatest common factor of l and 15.
5
Let n(r) = -r**2 + 35*r + 60. Let j be n(29). Let p = j + -170. What is the greatest common factor of p and 320?
64
Suppose 0 = 5*b - 2*k + 453 - 115, 5*b - 5*k = -335. Let n = -55 - b. Suppose h = 3*h - 4, 4*m = h + 102. What is the highest common divisor of m and n?
13
Let s(q) = 1298*q**3 + 3*q**2 + 3*q - 4. Let h be s(1). Suppose -5*b = 1100 - h. What is the greatest common factor of 8 and b?
8
Let k(m) = 46*m + 62. Let n be k(5). Let h = -23 + -17. Let b = h + n. What is the greatest common factor of b and 28?
28
Suppose 0 = 2*f - 45 - 73. Suppose c + 5 = 0, -5*z + c + 3225 = 5*c. What is the highest common divisor of z and f?
59
Let y(j) = -j**2 - 77*j - 185. Let g be y(-60). What is the highest common divisor of g and 40?
5
Suppose 56 = 5*n + 41. Suppose -p - 1887 = -3*f, 8*f - n*p - 629 = 7*f. Calculate the greatest common divisor of 34 and f.
17
Let g be (1440/(-1200))/(4/(-1430)). What is the greatest common divisor of g and 132?
33
Let t = -102 - -1303. Suppose 372 = 11*h - t. Calculate the greatest common factor of 44 and h.
11
Suppose -n = -2*y + 4*n + 53, -5*y + 2*n = -101. Suppose -6*v - 451 = 5*v. Let r = 212 + v. What is the highest common factor of y and r?
19
Let m be (-5)/2*(-40)/25. Suppose -87 = -3*a + 4*u, -m*u = 3*a - 88 + 1. Let q be 288/5 - (-4)/10. Calculate the greatest common factor of q and a.
29
Suppose -5*g = 3*t - 55, -41*g + 39*g + 2*t = -6. Let s(n) = 2*n**3 + 13*n**2 - 27*n - 4. Let r be s(-7). What is the greatest common factor of g and r?
8
Suppose -23*z + 185 = 14*z. Suppose -z*d + 4*d = 2*j - 11, j = -3*d + 28. What is the greatest common divisor of d and 3?
3
Let x be 17051 - 11/(176/192). What is the greatest common factor of 11 and x?
11
Suppose -52*n - 3*n = -4732 - 163. What is the highest common divisor of n and 21449?
89
Let h be (3 - (2 - 34))*1. Suppose 3 + h = 2*i. Let t = i + -5. What is the highest common divisor of t and 21?
7
Let m(f) = -664*f + 20306. Let s be m(16). Calculate the highest common factor of s and 188.
94
Suppose 0 = -579*x + 578*x - 1. Let u be ((-8)/6)/(1*x/75). Calculate the highest common divisor of u and 125.
25
Let x = 619 + -1099. Let t = x + 538. What is the greatest common factor of t and 435?
29
Suppose -3558 - 7662 = -102*q. What is the greatest common factor of q and 1265?
55
Suppose -4*j - 9*b = -6*b + 1426, 10 = -5*b. Let u = -175 - j. What is the greatest common divisor of u and 20?
20
Let v = 583 + -588. Let u be (-340)/(-51)*(-3)/v. Calculate the greatest common divisor of u and 142.
2
Let l(n) = n**3 + 8*n**2 + 4*n - 37. Let m be l(-5). What is the highest common divisor of m and 552?
6
Suppose -15*q + 169 = 34. Suppose q*u = 8*u + 1. Let t be (-24)/(-4) + -1 + (-1)/u. Calculate the highest common divisor of t and 64.
4
Suppose 161 = 3*x - 130. Let v(g) = 50*g**3 - 5*g**2 + 267*g - 526. Let y be v(2). Calculate the greatest common divisor of y and x.
97
Let n = 4155 - 3579. What is the highest common factor of n and 216?
72
Let r = -248 + 395. Let i = r + -100. Let n be 518 + ((-2)/5 - (-45)/(-75)). What is the greatest common divisor of i and n?
47
Let y = 3433 + -3337. Calculate the greatest common divisor of y and 684.
12
Let a = 13 - 13. Suppose a = w + 3*n - 127, 2*n - 10 = -0*n. Suppose 4723*p + 28 = 4724*p. Calculate the highest common factor of w and p.
28
Let z be (-2)/(-4)*4*-1. Let l be 1/z + (-178)/(-4). Suppose -35*v + 4907 = -5873. Calculate the highest common divisor of l and v.
44
Let m = 293 + -128. Let t(q) = q**3 + q**2 + 5*q + 66. Let p(u) = 15*u + 270. Let g be p(-18). Let y be t(g). Calculate the greatest common divisor of m and y.
33
Let g = 8 + -14. Let w be g/(((-8)/52)/(-1)). Let m = w + 43. Calculate the greatest common factor of 2 and m.
2
Let y = 46 + -20. Let x(n) = -2*n + 71. Let b be x(y). Let p(q) = q**3 + 8*q**2 + 4. Let c be p(-6). What is the highest common divisor of b and c?
19
Let j be 1/1 + 91 + -4. Let k = -128405 - -128889. Calculate the highest common factor of k and j.
44
Let k = 4913 + -4169. What is the greatest common factor of 48 and k?
24
Let r = -119 + 93. Let k = 29 + r. Suppose 0 = 5*a - 15, 3*a = -k*d - 0*a + 75. What is the greatest common factor of d and 2?
2
Let d(b) = 3*b**2 + 13*b + 15. Let n = -201 + 196. Let g be d(n). What is the highest common divisor of g and 625?
25
Suppose -5*u + 20 = 0, -21*r + 26*r - 4*u = 2894. What is the highest common divisor of 3298 and r?
194
Suppose 3*h - 203 = 2719. Let a = -922 + h. Suppose 0 = -3*o - 2*o + 65. What is the greatest common divisor of o and a?
13
Let d(r) = 6*r**2 + 6*r - 260. Let q be d(-35). Calculate the greatest common factor of q and 16.
16
Let c(s) = 14*s + 101. Let u be c(-6). Suppose 5*w + u*o - 275 = 16*o, -4*w - 5*o = -199. Calculate the greatest common divisor of w and 140.
28
Let r = -157 - -247. Suppose -4*x - x + r = 0. Let p(b) = b**3 + 9*b**2 - 10*b - 6. Let j be p(-7). What is the highest common factor of j and x?
18
Let x be (7 - (-100)/(-8))*(-952 - -10). What is the highest common factor of x and 33?
33
Suppose 0 = -2*t - k + 30, -5*t - 3*k = 32 - 107. Let c be 20/t*-95*-3. What is the greatest common divisor of c and 40?
20
Let r(c) = -c**2 + 18. Let j be r(4). Suppose -4*x - t = -4*t - 27, -j*t = -x + 3. Let p be 11*(2 + 7)*1. What is the highest common divisor of p and x?
9
Let o = -391 - -270. Let a = -93 - o. Let w be (-36)/(-8)*a/9. What is the highest common divisor of w and 70?
14
Let c(p) = 2*p + 15. Let w be c(-7). Let u(z) = 11*z**2 + 2*z - 1. Let m be u(w). Suppose 21*a - 63 = m*a. What is the greatest common divisor of 91 and a?
7
Suppose 0 = 24*m + 10*m + 2142. Suppose 2*v - 5 = c, 5*c = -3*v + v - 37. Let k = c - m. What is the highest common factor of 28 and k?
28
Let p = 284 - 437. Let o = p + 209. What is the greatest common divisor of o and 16?
8
Let z(d) = -18*d - 6. Let o be z(-5). Let t be -3 + (-24)/4 + 4 + 40. What is the greatest common factor of o and t?
7
Let p(m) = -m**2 - 155*m - 5696. Let u be p(-94). Suppose -2 - 8 = 5*n. Let j(b) = 5*b**2 + b + 1. Let x be j(n). What is the greatest common factor of x and u?
19
Let k be 18*(-3 + (-33)/(-9)). What is the highest common divisor of 11436 and k?
12
Suppose 259*s = 226*s + 4851. Let l be -42 - (1 - 2)*1. Let y = l - -62. What is the highest common divisor of s and y?
21
Let i = 5839 - -2225. Suppose 24*y - i = -12*y. Calculate the highest common factor of y and 14.
14
Suppose 5*a + 6*g - 2136 - 2514 = 0, 1860 = 2*a + 5*g. Calculate the highest common divisor of a and 806.
62
Let i = 23 + -21. Suppose i*d = 1 - 1. Suppose d = 5*n + 15 - 55. Calculate